0193?
22
Calculate the remainder when 2267276 is divided by 1133638.
0
What is the remainder when 4305907 is divided by 37?
32
What is the remainder when 3430649 is divided by 4745?
14
What is the remainder when 505245 is divided by 283?
90
What is the remainder when 18350717 is divided by 10?
7
What is the remainder when 778824 is divided by 70795?
79
Calculate the remainder when 326393 is divided by 108362.
1307
Calculate the remainder when 600204 is divided by 16664.
300
What is the remainder when 87048 is divided by 43478?
92
Calculate the remainder when 11788499 is divided by 82.
15
Calculate the remainder when 106551416 is divided by 1559.
2
Calculate the remainder when 1628648 is divided by 232657.
49
What is the remainder when 1889650 is divided by 314?
312
What is the remainder when 272846 is divided by 1881?
101
Calculate the remainder when 53212 is divided by 512.
476
Calculate the remainder when 15988 is divided by 1519.
798
What is the remainder when 61651581 is divided by 15412890?
21
What is the remainder when 1825542 is divided by 805?
607
What is the remainder when 16542777 is divided by 30?
27
Calculate the remainder when 24357007 is divided by 1059000.
7
What is the remainder when 287800 is divided by 462?
436
Calculate the remainder when 2947098 is divided by 3032.
3026
Calculate the remainder when 12063598 is divided by 487.
121
Calculate the remainder when 2031473 is divided by 2050.
1973
Calculate the remainder when 288417 is divided by 85.
12
What is the remainder when 349593 is divided by 174532?
529
Calculate the remainder when 1420741 is divided by 35475.
1741
What is the remainder when 217126027 is divided by 242?
239
Calculate the remainder when 504587 is divided by 2613.
278
What is the remainder when 1833542 is divided by 141006?
464
Calculate the remainder when 155366097 is divided by 4050.
4047
What is the remainder when 4254512 is divided by 1063611?
68
Calculate the remainder when 33209 is divided by 80.
9
Calculate the remainder when 155998535 is divided by 255.
245
What is the remainder when 1655599 is divided by 551847?
58
Calculate the remainder when 5035079 is divided by 2120.
79
What is the remainder when 179275 is divided by 2310?
1405
Calculate the remainder when 501191 is divided by 365.
46
Calculate the remainder when 15546911 is divided by 26805.
11
Calculate the remainder when 8189932 is divided by 153.
148
Calculate the remainder when 351588 is divided by 2393.
2210
What is the remainder when 830225 is divided by 18?
11
Calculate the remainder when 56455 is divided by 4338.
61
Calculate the remainder when 115781 is divided by 115032.
749
What is the remainder when 2300618 is divided by 9?
2
Calculate the remainder when 4624939 is divided by 141.
139
What is the remainder when 12289 is divided by 5548?
1193
What is the remainder when 5489458 is divided by 1372363?
6
What is the remainder when 158546 is divided by 2101?
971
What is the remainder when 94204294 is divided by 116?
114
Calculate the remainder when 894586 is divided by 447293.
0
Calculate the remainder when 42328787 is divided by 952.
11
Calculate the remainder when 354924 is divided by 21.
3
What is the remainder when 748370 is divided by 3799?
3766
Calculate the remainder when 16608896 is divided by 346016.
128
Calculate the remainder when 154508 is divided by 2488.
252
What is the remainder when 225267 is divided by 357?
0
Calculate the remainder when 15254 is divided by 279.
188
What is the remainder when 56997032 is divided by 4984?
8
What is the remainder when 475354 is divided by 59418?
10
Calculate the remainder when 1571307477 is divided by 62.
61
Calculate the remainder when 18116576 is divided by 5191.
5177
Calculate the remainder when 4654137 is divided by 17.
13
Calculate the remainder when 1626983 is divided by 118.
117
What is the remainder when 498968 is divided by 37?
23
What is the remainder when 341744 is divided by 34166?
84
What is the remainder when 3167868 is divided by 3167817?
51
What is the remainder when 2169809 is divided by 1466?
129
What is the remainder when 3584342 is divided by 41?
40
Calculate the remainder when 3843298 is divided by 1767.
73
What is the remainder when 3022461 is divided by 79537?
55
Calculate the remainder when 24176632 is divided by 595.
592
What is the remainder when 253909 is divided by 2418?
19
Calculate the remainder when 1913429 is divided by 86974.
1
Calculate the remainder when 38394471 is divided by 2687.
2615
What is the remainder when 6876455 is divided by 6876430?
25
Calculate the remainder when 8103170 is divided by 25.
20
What is the remainder when 1257682 is divided by 8062?
10
Calculate the remainder when 4211 is divided by 3339.
872
What is the remainder when 3941993 is divided by 34?
33
Calculate the remainder when 3467904 is divided by 1155968.
0
What is the remainder when 1297326 is divided by 1073?
69
What is the remainder when 422364 is divided by 1663?
1625
Calculate the remainder when 251756 is divided by 83088.
2492
Calculate the remainder when 589354 is divided by 49104.
106
What is the remainder when 104639 is divided by 20630?
1489
Calculate the remainder when 105517281 is divided by 46.
43
What is the remainder when 1214783 is divided by 982?
49
What is the remainder when 2455 is divided by 248?
223
Calculate the remainder when 9466012 is divided by 1935.
1927
Calculate the remainder when 20060584 is divided by 1986.
1984
Calculate the remainder when 101169607 is divided by 47.
39
Calculate the remainder when 360744 is divided by 837.
834
What is the remainder when 6277601 is divided by 251093?
276
Calculate the remainder when 5978358 is divided by 4169.
12
What is the remainder when 15001616 is divided by 3000313?
51
What is the remainder when 7438081 is divided by 6?
1
Calculate the remainder when 5700080 is divided by 1899889.
413
Calculate the remainder when 5235538 is divided by 29.
23
Calculate the remainder when 7398443 is divided by 1386.
1361
What is the remainder when 29110263 is divided by 948?
27
What is the remainder when 82124182 is divided by 665?
7
What is the remainder when 89891 is divided by 4276?
95
What is the remainder when 5198638 is divided by 10719?
10642
What is the remainder when 11286801 is divided by 4?
1
Calculate the remainder when 162378 is divided by 739.
537
Calculate the remainder when 949199 is divided by 118312.
2703
Calculate the remainder when 11738300 is divided by 144.
140
Calculate the remainder when 20481772 is divided by 571.
2
What is the remainder when 370938 is divided by 2876?
2810
What is the remainder when 2285556710 is divided by 8809?
8806
What is the remainder when 240987 is divided by 2605?
1327
Calculate the remainder when 83351 is divided by 1446.
929
Calculate the remainder when 405029 is divided by 7102.
215
What is the remainder when 5786 is divided by 247?
105
What is the remainder when 697532 is divided by 30?
2
What is the remainder when 46717184 is divided by 196?
192
What is the remainder when 214966391 is divided by 6304?
6295
What is the remainder when 111455940 is divided by 4537?
4535
What is the remainder when 16676390 is divided by 161904?
278
Calculate the remainder when 33557613 is divided by 4696.
4693
Calculate the remainder when 27453376 is divided by 9151118.
22
What is the remainder when 6365690 is divided by 1273136?
10
Calculate the remainder when 614833 is divided by 111.
4
What is the remainder when 9109881 is divided by 3036624?
9
What is the remainder when 457513950 is divided by 1867?
1866
What is the remainder when 4541 is divided by 4252?
289
Calculate the remainder when 1361305 is divided by 113409.
397
Calculate the remainder when 21067 is divided by 6827.
586
Calculate the remainder when 124982 is divided by 80.
22
Calculate the remainder when 1860797 is divided by 465199.
1
What is the remainder when 17301560 is divided by 84?
80
Calculate the remainder when 32697 is divided by 2177.
42
What is the remainder when 6027578 is divided by 758?
720
Calculate the remainder when 1152856 is divided by 17.
1
What is the remainder when 900896 is divided by 116?
40
Calculate the remainder when 789680 is divided by 144.
128
What is the remainder when 60418704 is divided by 25